{"id":5859,"date":"2016-04-05T00:00:16","date_gmt":"2016-04-04T22:00:16","guid":{"rendered":"https:\/\/drap-art.org\/premsa\/gobierno-de-canelones-05-04-2016\/"},"modified":"2016-04-05T00:00:16","modified_gmt":"2016-04-04T22:00:16","slug":"gobierno-de-canelones-05-04-2016","status":"publish","type":"premsa","link":"https:\/\/drap-art.org\/en\/premsa\/gobierno-de-canelones-05-04-2016\/","title":{"rendered":"Gobierno de Canelones 05-04-2016"},"content":{"rendered":"<h3>DRAP-ART URUGUAY &#8217;16 PRIMER ENCUENTRO INTERNACIONAL DE RECICLAJE ART\u00cdSTICO DE URUGUAY<\/h3>\n<p>DrapArt Barcelona, Museos Vivos Uy y el Paseo Cultural Ciudad Vieja organizan la primera edici\u00f3n de DrapArt Uruguay &#8217;16, el Primer Encuentro Internacional de Reciclaje Art\u00edstico de Uruguay, que se desarrollar\u00e1 del 13 al 17 de abril en el Atrio de la Intendencia de Montevideo.<\/p>\n<p>Este festival naci\u00f3 en Barcelona en 1995 con el objetivo de promover el arte a partir de materiales de desecho, utilizando el reciclaje creativo como una herramienta para apoyar la transformaci\u00f3n en el arte, el entorno y la sociedad, generando h\u00e1bitos de consumo m\u00e1s responsables, adem\u00e1s del respeto por el ambiente y las personas&#8230;&#8230;<\/p>\n<p><a href=\"https:\/\/www.imcanelones.gub.uy\/es\/noticias\/drap-art-uruguay-16-primer-encuentro-internacional-de-reciclaje-artistico-de-uruguay\">https:\/\/www.imcanelones.gub.uy\/es\/noticias\/drap-art-uruguay-16-primer-encuentro-internacional-de-reciclaje-artistico-de-uruguay<\/a><\/p>\n","protected":false},"excerpt":{"rendered":"<p>DRAP-ART URUGUAY &#8217;16 PRIMER ENCUENTRO INTERNACIONAL DE RECICLAJE ART\u00cdSTICO DE URUGUAY DrapArt Barcelona, Museos Vivos Uy y el Paseo Cultural Ciudad Vieja organizan la primera edici\u00f3n de DrapArt Uruguay &#8217;16, [&hellip;]<\/p>\n","protected":false},"featured_media":3282,"template":"","format":"standard","class_list":["post-5859","premsa","type-premsa","status-publish","format-standard","has-post-thumbnail","hentry"],"acf":[],"yoast_head":"<!-- This site is optimized with the Yoast SEO plugin v27.4 - https:\/\/yoast.com\/product\/yoast-seo-wordpress\/ -->\n<title>Gobierno de Canelones 05-04-2016 - Drap-Art<\/title>\n<meta name=\"robots\" content=\"index, follow, max-snippet:-1, max-image-preview:large, max-video-preview:-1\" \/>\n<link rel=\"canonical\" href=\"https:\/\/drap-art.org\/premsa\/gobierno-de-canelones-05-04-2016\/\" \/>\n<meta name=\"twitter:label1\" content=\"Est. reading time\" \/>\n\t<meta name=\"twitter:data1\" content=\"1 minute\" \/>\n<!-- \/ Yoast SEO plugin. -->","yoast_head_json":{"title":"Gobierno de Canelones 05-04-2016 - Drap-Art","robots":{"index":"index","follow":"follow","max-snippet":"max-snippet:-1","max-image-preview":"max-image-preview:large","max-video-preview":"max-video-preview:-1"},"canonical":"https:\/\/drap-art.org\/premsa\/gobierno-de-canelones-05-04-2016\/","twitter_misc":{"Est. reading time":"1 minute"},"schema":{"@context":"https:\/\/schema.org","@graph":[{"@type":"WebPage","@id":"https:\/\/drap-art.org\/premsa\/gobierno-de-canelones-05-04-2016\/","url":"https:\/\/drap-art.org\/premsa\/gobierno-de-canelones-05-04-2016\/","name":"Gobierno de Canelones 05-04-2016 - Drap-Art","isPartOf":{"@id":"https:\/\/drap-art.org\/#website"},"primaryImageOfPage":{"@id":"https:\/\/drap-art.org\/premsa\/gobierno-de-canelones-05-04-2016\/#primaryimage"},"image":{"@id":"https:\/\/drap-art.org\/premsa\/gobierno-de-canelones-05-04-2016\/#primaryimage"},"thumbnailUrl":"https:\/\/drap-art.org\/wp-content\/uploads\/2024\/06\/imcanelones-screenshot-1.jpg","datePublished":"2016-04-04T22:00:16+00:00","breadcrumb":{"@id":"https:\/\/drap-art.org\/premsa\/gobierno-de-canelones-05-04-2016\/#breadcrumb"},"inLanguage":"en-US","potentialAction":[{"@type":"ReadAction","target":["https:\/\/drap-art.org\/premsa\/gobierno-de-canelones-05-04-2016\/"]}]},{"@type":"ImageObject","inLanguage":"en-US","@id":"https:\/\/drap-art.org\/premsa\/gobierno-de-canelones-05-04-2016\/#primaryimage","url":"https:\/\/drap-art.org\/wp-content\/uploads\/2024\/06\/imcanelones-screenshot-1.jpg","contentUrl":"https:\/\/drap-art.org\/wp-content\/uploads\/2024\/06\/imcanelones-screenshot-1.jpg","width":1366,"height":667},{"@type":"BreadcrumbList","@id":"https:\/\/drap-art.org\/premsa\/gobierno-de-canelones-05-04-2016\/#breadcrumb","itemListElement":[{"@type":"ListItem","position":1,"name":"Home","item":"https:\/\/drap-art.org\/es\/"},{"@type":"ListItem","position":2,"name":"Premsa","item":"https:\/\/drap-art.org\/es\/premsa\/"},{"@type":"ListItem","position":3,"name":"Gobierno de Canelones 05-04-2016"}]},{"@type":"WebSite","@id":"https:\/\/drap-art.org\/#website","url":"https:\/\/drap-art.org\/","name":"Drap-Art","description":"Festival Internacional de Arte y Sostenibilidad","publisher":{"@id":"https:\/\/drap-art.org\/#organization"},"potentialAction":[{"@type":"SearchAction","target":{"@type":"EntryPoint","urlTemplate":"https:\/\/drap-art.org\/?s={search_term_string}"},"query-input":{"@type":"PropertyValueSpecification","valueRequired":true,"valueName":"search_term_string"}}],"inLanguage":"en-US"},{"@type":"Organization","@id":"https:\/\/drap-art.org\/#organization","name":"Associaci\u00f3 Drap-Art","url":"https:\/\/drap-art.org\/","logo":{"@type":"ImageObject","inLanguage":"en-US","@id":"https:\/\/drap-art.org\/#\/schema\/logo\/image\/","url":"https:\/\/drap-art.org\/wp-content\/uploads\/2024\/10\/logo-drapart-24.png","contentUrl":"https:\/\/drap-art.org\/wp-content\/uploads\/2024\/10\/logo-drapart-24.png","width":2157,"height":1929,"caption":"Associaci\u00f3 Drap-Art"},"image":{"@id":"https:\/\/drap-art.org\/#\/schema\/logo\/image\/"},"sameAs":["https:\/\/www.facebook.com\/drapart\/","https:\/\/x.com\/DrapArt","https:\/\/www.instagram.com\/drapart_org\/","https:\/\/www.youtube.com\/channel\/UC_FGj-k0m_HgMv_aYSN5_4Q"]}]}},"_links":{"self":[{"href":"https:\/\/drap-art.org\/en\/wp-json\/wp\/v2\/premsa\/5859","targetHints":{"allow":["GET"]}}],"collection":[{"href":"https:\/\/drap-art.org\/en\/wp-json\/wp\/v2\/premsa"}],"about":[{"href":"https:\/\/drap-art.org\/en\/wp-json\/wp\/v2\/types\/premsa"}],"version-history":[{"count":0,"href":"https:\/\/drap-art.org\/en\/wp-json\/wp\/v2\/premsa\/5859\/revisions"}],"wp:featuredmedia":[{"embeddable":true,"href":"https:\/\/drap-art.org\/en\/wp-json\/wp\/v2\/media\/3282"}],"wp:attachment":[{"href":"https:\/\/drap-art.org\/en\/wp-json\/wp\/v2\/media?parent=5859"}],"curies":[{"name":"wp","href":"https:\/\/api.w.org\/{rel}","templated":true}]}}

<h3>DRAP-ART URUGUAY &#8217;16 PRIMER ENCUENTRO INTERNACIONAL DE RECICLAJE ARTÍSTICO DE URUGUAY</h3>
<p>DrapArt Barcelona, Museos Vivos Uy y el Paseo Cultural Ciudad Vieja organizan la primera edición de DrapArt Uruguay &#8217;16, el Primer Encuentro Internacional de Reciclaje Artístico de Uruguay, que se desarrollará del 13 al 17 de abril en el Atrio de la Intendencia de Montevideo.</p>
<p>Este festival nació en Barcelona en 1995 con el objetivo de promover el arte a partir de materiales de desecho, utilizando el reciclaje creativo como una herramienta para apoyar la transformación en el arte, el entorno y la sociedad, generando hábitos de consumo más responsables, además del respeto por el ambiente y las personas&#8230;&#8230;</p>
<p><a href="https://www.imcanelones.gub.uy/es/noticias/drap-art-uruguay-16-primer-encuentro-internacional-de-reciclaje-artistico-de-uruguay">https://www.imcanelones.gub.uy/es/noticias/drap-art-uruguay-16-primer-encuentro-internacional-de-reciclaje-artistico-de-uruguay</a></p>

<p>DRAP-ART URUGUAY &#8217;16 PRIMER ENCUENTRO INTERNACIONAL DE RECICLAJE ARTÍSTICO DE URUGUAY DrapArt Barcelona, Museos Vivos Uy y el Paseo Cultural Ciudad Vieja organizan la primera edición de DrapArt Uruguay &#8217;16, [&hellip;]</p>

Associació Drap-Art
