{"id":5541,"date":"2024-06-12T13:15:06","date_gmt":"2024-06-12T11:15:06","guid":{"rendered":"https:\/\/drap-art.org\/talent\/%ambit%\/lai-diez-roig\/"},"modified":"2025-02-06T18:04:29","modified_gmt":"2025-02-06T16:04:29","slug":"lai-diez-roig","status":"publish","type":"talent","link":"https:\/\/drap-art.org\/es\/talent\/artista-del-mercado\/lai-diez-roig\/","title":{"rendered":"Lai Diez Roig"},"content":{"rendered":"<p>Nazco en 1981, en una bohemia y cosmopolita ecoaldea del sur de Espa\u00f1a, en el seno de una familia de m\u00fasicos artesanos.<br \/>\nGracias a mi entorno y por vocaci\u00f3n, mantengo una estrecha relaci\u00f3n con el arte en general desde temprana edad (Manualidades, Dibujo, Artesan\u00eda, Artes Marciales, Teatro, Hip-Hop). Estudio Bachillerato de Artes, Grado medio en Dise\u00f1o, y Grado superior en Fotograf\u00eda Art\u00edstica.<\/p>\n<p>Seducido e inspirado por la belleza, la magia creativa de la naturaleza, y la riqueza conceptual comunicativa de la literatura y sus recursos estil\u00edsticos, mi arte, podr\u00eda definirse en pocas palabras como poes\u00eda visual. Por est\u00e9tica y universalidad tem\u00e1tica est\u00e1 creada para ser disfrutada por todos los p\u00fablicos. Obra aut\u00e9ntica y original. Imagen real, sin retoque digital.<\/p>\n<p>Imprimida en papel art\u00edstico reciclado. Todos los derechos reservados<\/p>\n","protected":false},"excerpt":{"rendered":"<p>Seducido e inspirado por la belleza, la magia creativa de la naturaleza, y la riqueza conceptual comunicativa de la literatura y sus recursos estil\u00edsticos, mi arte, podr\u00eda definirse en pocas palabras como poes\u00eda visual.<\/p>\n","protected":false},"featured_media":1554,"template":"","ambit":[225],"etiqueta":[],"class_list":["post-5541","talent","type-talent","status-publish","has-post-thumbnail","hentry","ambit-artista-del-mercado"],"acf":[],"yoast_head":"<!-- This site is optimized with the Yoast SEO plugin v27.4 - https:\/\/yoast.com\/product\/yoast-seo-wordpress\/ -->\n<title>Lai Diez Roig - Drap-Art<\/title>\n<meta name=\"robots\" content=\"index, follow, max-snippet:-1, max-image-preview:large, max-video-preview:-1\" \/>\n<link rel=\"canonical\" href=\"https:\/\/drap-art.org\/es\/talent\/artista-del-mercat-es\/lai-diez-roig\/\" \/>\n<meta name=\"twitter:label1\" content=\"Tiempo de lectura\" \/>\n\t<meta name=\"twitter:data1\" content=\"1 minuto\" \/>\n<!-- \/ Yoast SEO plugin. -->","yoast_head_json":{"title":"Lai Diez Roig - Drap-Art","robots":{"index":"index","follow":"follow","max-snippet":"max-snippet:-1","max-image-preview":"max-image-preview:large","max-video-preview":"max-video-preview:-1"},"canonical":"https:\/\/drap-art.org\/es\/talent\/artista-del-mercat-es\/lai-diez-roig\/","twitter_misc":{"Tiempo de lectura":"1 minuto"},"schema":{"@context":"https:\/\/schema.org","@graph":[{"@type":"WebPage","@id":"https:\/\/drap-art.org\/es\/talent\/artista-del-mercat-es\/lai-diez-roig\/","url":"https:\/\/drap-art.org\/es\/talent\/artista-del-mercat-es\/lai-diez-roig\/","name":"Lai Diez Roig - Drap-Art","isPartOf":{"@id":"https:\/\/drap-art.org\/#website"},"primaryImageOfPage":{"@id":"https:\/\/drap-art.org\/es\/talent\/artista-del-mercat-es\/lai-diez-roig\/#primaryimage"},"image":{"@id":"https:\/\/drap-art.org\/es\/talent\/artista-del-mercat-es\/lai-diez-roig\/#primaryimage"},"thumbnailUrl":"https:\/\/drap-art.org\/wp-content\/uploads\/2024\/06\/lai-diez-roig-4.jpg","datePublished":"2024-06-12T11:15:06+00:00","dateModified":"2025-02-06T16:04:29+00:00","breadcrumb":{"@id":"https:\/\/drap-art.org\/es\/talent\/artista-del-mercat-es\/lai-diez-roig\/#breadcrumb"},"inLanguage":"es","potentialAction":[{"@type":"ReadAction","target":["https:\/\/drap-art.org\/es\/talent\/artista-del-mercat-es\/lai-diez-roig\/"]}]},{"@type":"ImageObject","inLanguage":"es","@id":"https:\/\/drap-art.org\/es\/talent\/artista-del-mercat-es\/lai-diez-roig\/#primaryimage","url":"https:\/\/drap-art.org\/wp-content\/uploads\/2024\/06\/lai-diez-roig-4.jpg","contentUrl":"https:\/\/drap-art.org\/wp-content\/uploads\/2024\/06\/lai-diez-roig-4.jpg","width":1620,"height":1080},{"@type":"BreadcrumbList","@id":"https:\/\/drap-art.org\/es\/talent\/artista-del-mercat-es\/lai-diez-roig\/#breadcrumb","itemListElement":[{"@type":"ListItem","position":1,"name":"Home","item":"https:\/\/drap-art.org\/es\/"},{"@type":"ListItem","position":2,"name":"Talents","item":"https:\/\/drap-art.org\/es\/talent\/"},{"@type":"ListItem","position":3,"name":"Lai Diez Roig"}]},{"@type":"WebSite","@id":"https:\/\/drap-art.org\/#website","url":"https:\/\/drap-art.org\/","name":"Drap-Art","description":"Festival Internacional de Arte y Sostenibilidad","publisher":{"@id":"https:\/\/drap-art.org\/#organization"},"potentialAction":[{"@type":"SearchAction","target":{"@type":"EntryPoint","urlTemplate":"https:\/\/drap-art.org\/?s={search_term_string}"},"query-input":{"@type":"PropertyValueSpecification","valueRequired":true,"valueName":"search_term_string"}}],"inLanguage":"es"},{"@type":"Organization","@id":"https:\/\/drap-art.org\/#organization","name":"Associaci\u00f3 Drap-Art","url":"https:\/\/drap-art.org\/","logo":{"@type":"ImageObject","inLanguage":"es","@id":"https:\/\/drap-art.org\/#\/schema\/logo\/image\/","url":"https:\/\/drap-art.org\/wp-content\/uploads\/2024\/10\/logo-drapart-24.png","contentUrl":"https:\/\/drap-art.org\/wp-content\/uploads\/2024\/10\/logo-drapart-24.png","width":2157,"height":1929,"caption":"Associaci\u00f3 Drap-Art"},"image":{"@id":"https:\/\/drap-art.org\/#\/schema\/logo\/image\/"},"sameAs":["https:\/\/www.facebook.com\/drapart\/","https:\/\/x.com\/DrapArt","https:\/\/www.instagram.com\/drapart_org\/","https:\/\/www.youtube.com\/channel\/UC_FGj-k0m_HgMv_aYSN5_4Q"]}]}},"_links":{"self":[{"href":"https:\/\/drap-art.org\/es\/wp-json\/wp\/v2\/talent\/5541","targetHints":{"allow":["GET"]}}],"collection":[{"href":"https:\/\/drap-art.org\/es\/wp-json\/wp\/v2\/talent"}],"about":[{"href":"https:\/\/drap-art.org\/es\/wp-json\/wp\/v2\/types\/talent"}],"version-history":[{"count":0,"href":"https:\/\/drap-art.org\/es\/wp-json\/wp\/v2\/talent\/5541\/revisions"}],"wp:featuredmedia":[{"embeddable":true,"href":"https:\/\/drap-art.org\/es\/wp-json\/wp\/v2\/media\/1554"}],"wp:attachment":[{"href":"https:\/\/drap-art.org\/es\/wp-json\/wp\/v2\/media?parent=5541"}],"wp:term":[{"taxonomy":"ambit","embeddable":true,"href":"https:\/\/drap-art.org\/es\/wp-json\/wp\/v2\/ambit?post=5541"},{"taxonomy":"etiqueta","embeddable":true,"href":"https:\/\/drap-art.org\/es\/wp-json\/wp\/v2\/etiqueta?post=5541"}],"curies":[{"name":"wp","href":"https:\/\/api.w.org\/{rel}","templated":true}]}}

<p>Nazco en 1981, en una bohemia y cosmopolita ecoaldea del sur de España, en el seno de una familia de músicos artesanos.<br />
Gracias a mi entorno y por vocación, mantengo una estrecha relación con el arte en general desde temprana edad (Manualidades, Dibujo, Artesanía, Artes Marciales, Teatro, Hip-Hop). Estudio Bachillerato de Artes, Grado medio en Diseño, y Grado superior en Fotografía Artística.</p>
<p>Seducido e inspirado por la belleza, la magia creativa de la naturaleza, y la riqueza conceptual comunicativa de la literatura y sus recursos estilísticos, mi arte, podría definirse en pocas palabras como poesía visual. Por estética y universalidad temática está creada para ser disfrutada por todos los públicos. Obra auténtica y original. Imagen real, sin retoque digital.</p>
<p>Imprimida en papel artístico reciclado. Todos los derechos reservados</p>

<p>Seducido e inspirado por la belleza, la magia creativa de la naturaleza, y la riqueza conceptual comunicativa de la literatura y sus recursos estilísticos, mi arte, podría definirse en pocas palabras como poesía visual.</p>

Associació Drap-Art
