{"id":5569,"date":"2024-06-11T13:55:39","date_gmt":"2024-06-11T11:55:39","guid":{"rendered":"https:\/\/drap-art.org\/talent\/%ambit%\/juan-gonzalez\/"},"modified":"2025-02-20T15:37:41","modified_gmt":"2025-02-20T13:37:41","slug":"juan-gonzalez","status":"publish","type":"talent","link":"https:\/\/drap-art.org\/es\/talent\/artist-es\/juan-gonzalez\/","title":{"rendered":"Juan Gonzalez"},"content":{"rendered":"<p data-start=\"1259\" data-end=\"1391\">Con su trabajo aporta una mirada cr\u00edtica y comprometida a la relaci\u00f3n que se establece entre el individuo y su entorno.<\/p>\n<p data-start=\"1393\" data-end=\"1654\">Sus fotograf\u00edas y videos establecen una relaci\u00f3n dial\u00e9ctica entre lo privado y lo p\u00fablico, lo personal y lo pol\u00edtico, lo individual y lo social; explorando los l\u00edmites entre estos diferentes \u00e1mbitos e iluminando los mecanismos que operan en nuestras sociedades.<\/p>\n<p data-start=\"1656\" data-end=\"1767\">Esto hace referencia a las huellas difuminadas del paisaje construido, analizando diferentes procesos sociales.<\/p>\n<p data-start=\"1769\" data-end=\"1876\">El paisaje intervenido por la arquitectura oculta vestigios reveladores de las transformaciones producidas.<\/p>\n<p data-start=\"1878\" data-end=\"1997\">El paisaje act\u00faa por tanto como un archivo, como un palimpsesto, como una memoria que debe actualizarse en el presente.<\/p>\n<p data-start=\"1999\" data-end=\"2170\">Al igual que los paisajes, los individuos que se inscriben en \u00e9l tambi\u00e9n nos hablan, tambi\u00e9n nos comunican; solo con su manera de estar-en-el-mundo y de mostrarse ante \u00e9l.<\/p>\n<p data-start=\"2172\" data-end=\"2323\">Por lo tanto, siguiendo el principio de la fotograf\u00eda documental de Walker Evans, el fot\u00f3grafo debe \u00abacompa\u00f1ar al modelo en su acto de representaci\u00f3n.\u00bb<\/p>\n<p data-start=\"2325\" data-end=\"2465\" data-is-last-node=\"\" data-is-only-node=\"\">Con sus im\u00e1genes, el individuo muestra rasgos reveladores de s\u00ed mismo, de su origen y de su situaci\u00f3n actual; de su historia como biograf\u00eda.<\/p>\n","protected":false},"excerpt":{"rendered":"<p>Con su trabajo aporta una mirada cr\u00edtica y comprometida a la relaci\u00f3n que se establece entre el individuo y su entorno. Sus fotograf\u00edas y videos establecen una relaci\u00f3n dial\u00e9ctica entre [&hellip;]<\/p>\n","protected":false},"featured_media":1257,"template":"","ambit":[431],"etiqueta":[],"class_list":["post-5569","talent","type-talent","status-publish","has-post-thumbnail","hentry","ambit-artist-es"],"acf":[],"yoast_head":"<!-- This site is optimized with the Yoast SEO plugin v27.4 - https:\/\/yoast.com\/product\/yoast-seo-wordpress\/ -->\n<title>Juan Gonzalez - Drap-Art<\/title>\n<meta name=\"robots\" content=\"index, follow, max-snippet:-1, max-image-preview:large, max-video-preview:-1\" \/>\n<link rel=\"canonical\" href=\"https:\/\/drap-art.org\/es\/talent\/artista-drap-art\/juan-gonzalez\/\" \/>\n<meta name=\"twitter:label1\" content=\"Tiempo de lectura\" \/>\n\t<meta name=\"twitter:data1\" content=\"2 minutos\" \/>\n<!-- \/ Yoast SEO plugin. -->","yoast_head_json":{"title":"Juan Gonzalez - Drap-Art","robots":{"index":"index","follow":"follow","max-snippet":"max-snippet:-1","max-image-preview":"max-image-preview:large","max-video-preview":"max-video-preview:-1"},"canonical":"https:\/\/drap-art.org\/es\/talent\/artista-drap-art\/juan-gonzalez\/","twitter_misc":{"Tiempo de lectura":"2 minutos"},"schema":{"@context":"https:\/\/schema.org","@graph":[{"@type":"WebPage","@id":"https:\/\/drap-art.org\/es\/talent\/artista-drap-art\/juan-gonzalez\/","url":"https:\/\/drap-art.org\/es\/talent\/artista-drap-art\/juan-gonzalez\/","name":"Juan Gonzalez - Drap-Art","isPartOf":{"@id":"https:\/\/drap-art.org\/#website"},"primaryImageOfPage":{"@id":"https:\/\/drap-art.org\/es\/talent\/artista-drap-art\/juan-gonzalez\/#primaryimage"},"image":{"@id":"https:\/\/drap-art.org\/es\/talent\/artista-drap-art\/juan-gonzalez\/#primaryimage"},"thumbnailUrl":"https:\/\/drap-art.org\/wp-content\/uploads\/2024\/06\/Juan-Gonzalez_Fornes_El-Aaiun-scaled-1.jpg","datePublished":"2024-06-11T11:55:39+00:00","dateModified":"2025-02-20T13:37:41+00:00","breadcrumb":{"@id":"https:\/\/drap-art.org\/es\/talent\/artista-drap-art\/juan-gonzalez\/#breadcrumb"},"inLanguage":"es","potentialAction":[{"@type":"ReadAction","target":["https:\/\/drap-art.org\/es\/talent\/artista-drap-art\/juan-gonzalez\/"]}]},{"@type":"ImageObject","inLanguage":"es","@id":"https:\/\/drap-art.org\/es\/talent\/artista-drap-art\/juan-gonzalez\/#primaryimage","url":"https:\/\/drap-art.org\/wp-content\/uploads\/2024\/06\/Juan-Gonzalez_Fornes_El-Aaiun-scaled-1.jpg","contentUrl":"https:\/\/drap-art.org\/wp-content\/uploads\/2024\/06\/Juan-Gonzalez_Fornes_El-Aaiun-scaled-1.jpg","width":2133,"height":2560},{"@type":"BreadcrumbList","@id":"https:\/\/drap-art.org\/es\/talent\/artista-drap-art\/juan-gonzalez\/#breadcrumb","itemListElement":[{"@type":"ListItem","position":1,"name":"Home","item":"https:\/\/drap-art.org\/es\/"},{"@type":"ListItem","position":2,"name":"Talents","item":"https:\/\/drap-art.org\/es\/talent\/"},{"@type":"ListItem","position":3,"name":"Juan Gonzalez"}]},{"@type":"WebSite","@id":"https:\/\/drap-art.org\/#website","url":"https:\/\/drap-art.org\/","name":"Drap-Art","description":"Festival Internacional de Arte y Sostenibilidad","publisher":{"@id":"https:\/\/drap-art.org\/#organization"},"potentialAction":[{"@type":"SearchAction","target":{"@type":"EntryPoint","urlTemplate":"https:\/\/drap-art.org\/?s={search_term_string}"},"query-input":{"@type":"PropertyValueSpecification","valueRequired":true,"valueName":"search_term_string"}}],"inLanguage":"es"},{"@type":"Organization","@id":"https:\/\/drap-art.org\/#organization","name":"Associaci\u00f3 Drap-Art","url":"https:\/\/drap-art.org\/","logo":{"@type":"ImageObject","inLanguage":"es","@id":"https:\/\/drap-art.org\/#\/schema\/logo\/image\/","url":"https:\/\/drap-art.org\/wp-content\/uploads\/2024\/10\/logo-drapart-24.png","contentUrl":"https:\/\/drap-art.org\/wp-content\/uploads\/2024\/10\/logo-drapart-24.png","width":2157,"height":1929,"caption":"Associaci\u00f3 Drap-Art"},"image":{"@id":"https:\/\/drap-art.org\/#\/schema\/logo\/image\/"},"sameAs":["https:\/\/www.facebook.com\/drapart\/","https:\/\/x.com\/DrapArt","https:\/\/www.instagram.com\/drapart_org\/","https:\/\/www.youtube.com\/channel\/UC_FGj-k0m_HgMv_aYSN5_4Q"]}]}},"_links":{"self":[{"href":"https:\/\/drap-art.org\/es\/wp-json\/wp\/v2\/talent\/5569","targetHints":{"allow":["GET"]}}],"collection":[{"href":"https:\/\/drap-art.org\/es\/wp-json\/wp\/v2\/talent"}],"about":[{"href":"https:\/\/drap-art.org\/es\/wp-json\/wp\/v2\/types\/talent"}],"version-history":[{"count":0,"href":"https:\/\/drap-art.org\/es\/wp-json\/wp\/v2\/talent\/5569\/revisions"}],"wp:featuredmedia":[{"embeddable":true,"href":"https:\/\/drap-art.org\/es\/wp-json\/wp\/v2\/media\/1257"}],"wp:attachment":[{"href":"https:\/\/drap-art.org\/es\/wp-json\/wp\/v2\/media?parent=5569"}],"wp:term":[{"taxonomy":"ambit","embeddable":true,"href":"https:\/\/drap-art.org\/es\/wp-json\/wp\/v2\/ambit?post=5569"},{"taxonomy":"etiqueta","embeddable":true,"href":"https:\/\/drap-art.org\/es\/wp-json\/wp\/v2\/etiqueta?post=5569"}],"curies":[{"name":"wp","href":"https:\/\/api.w.org\/{rel}","templated":true}]}}

<p data-start="1259" data-end="1391">Con su trabajo aporta una mirada crítica y comprometida a la relación que se establece entre el individuo y su entorno.</p>
<p data-start="1393" data-end="1654">Sus fotografías y videos establecen una relación dialéctica entre lo privado y lo público, lo personal y lo político, lo individual y lo social; explorando los límites entre estos diferentes ámbitos e iluminando los mecanismos que operan en nuestras sociedades.</p>
<p data-start="1656" data-end="1767">Esto hace referencia a las huellas difuminadas del paisaje construido, analizando diferentes procesos sociales.</p>
<p data-start="1769" data-end="1876">El paisaje intervenido por la arquitectura oculta vestigios reveladores de las transformaciones producidas.</p>
<p data-start="1878" data-end="1997">El paisaje actúa por tanto como un archivo, como un palimpsesto, como una memoria que debe actualizarse en el presente.</p>
<p data-start="1999" data-end="2170">Al igual que los paisajes, los individuos que se inscriben en él también nos hablan, también nos comunican; solo con su manera de estar-en-el-mundo y de mostrarse ante él.</p>
<p data-start="2172" data-end="2323">Por lo tanto, siguiendo el principio de la fotografía documental de Walker Evans, el fotógrafo debe «acompañar al modelo en su acto de representación.»</p>
<p data-start="2325" data-end="2465" data-is-last-node="" data-is-only-node="">Con sus imágenes, el individuo muestra rasgos reveladores de sí mismo, de su origen y de su situación actual; de su historia como biografía.</p>

<p>Con su trabajo aporta una mirada crítica y comprometida a la relación que se establece entre el individuo y su entorno. Sus fotografías y videos establecen una relación dialéctica entre [&hellip;]</p>

Associació Drap-Art
