{"id":5621,"date":"2024-06-11T13:06:04","date_gmt":"2024-06-11T11:06:04","guid":{"rendered":"https:\/\/drap-art.org\/talent\/%ambit%\/jana-alvarez\/"},"modified":"2025-02-21T19:31:26","modified_gmt":"2025-02-21T17:31:26","slug":"jana-alvarez","status":"publish","type":"talent","link":"https:\/\/drap-art.org\/es\/talent\/artist-es\/jana-alvarez\/","title":{"rendered":"Jana Alvarez"},"content":{"rendered":"<p data-start=\"1993\" data-end=\"2262\">Con formaci\u00f3n en Bellas Artes, Dise\u00f1o de Moda, Arte Publicitario e Interiorismo, Jana \u00c1lvarez va m\u00e1s all\u00e1 de las etiquetas art\u00edsticas, porque para ella todo es multidisciplinario. Para ella, la idea y el material \u00abeligen\u00bb la t\u00e9cnica, el formato y la forma de expresi\u00f3n.<\/p>\n<p data-start=\"2264\" data-end=\"2756\">Cuenta con una amplia experiencia profesional como dise\u00f1adora de moda para otras marcas, como creativa en publicidad, freelance en ilustraci\u00f3n y pintura, atrezzo para productoras de cine y TV, y proyectos de interiorismo: Purificaci\u00f3n Garc\u00eda, Antonio Mir\u00f3, Custo BCN, Bassat Ogilvy, Editorial Murdoch, Boca Films, Productora Zeppelin, TV3, Canal+ Francia, Juegos Ol\u00edmpicos 92, Ballet Nacional de Cuba, cadena de hoteles Hilton, obras de teatro alternativo, M\u00e9dicos sin Fronteras, C.G.T., etc.<\/p>\n<p data-start=\"2758\" data-end=\"3170\">Tiene un amplio recorrido en exposiciones nacionales e internacionales, tanto individuales como colectivas (Barcelona, Sitges, Santander, Madrid, Menorca, M\u00e1laga, Almer\u00eda, Bilbao, Le\u00f3n, Asturias, Valencia, Par\u00eds, Nantes, Londres, Roma, Berl\u00edn, Pek\u00edn, Tokio, Uruguay, Pittsburgh, Los \u00c1ngeles, Santa Fe, etc.), algunas de ellas con Drap-Art, con el que colabora desde sus inicios en 1996, de manera ininterrumpida.<\/p>\n<p data-start=\"3172\" data-end=\"3392\">Su motivaci\u00f3n tanto art\u00edstica como personal en el d\u00eda a d\u00eda es reutilizar para llegar al 0 waste. Es cr\u00edtica con la sociedad de consumo, inconsciente y desligada, que nos lleva a la extinci\u00f3n natural, social y econ\u00f3mica.<\/p>\n<p data-start=\"3394\" data-end=\"3882\" data-is-last-node=\"\" data-is-only-node=\"\">\u00abEste capitalismo es insostenible, deja residuos, desastres de todo tipo y ruinas a su paso. No hay casi ning\u00fan material que sea &#8216;limpio&#8217; o que, a estas alturas, por natural que sea, no repercuta negativamente en los ecosistemas. Por eso yo reutilizo objetos y materiales de cualquier composici\u00f3n y tipolog\u00eda rechazados para darles &#8216;mil vidas&#8217;, no solo dos, aunque los tenga que reciclar hasta su total desintegraci\u00f3n. De derrota en derrota hasta la victoria final. El cambio es posible.\u00bb<\/p>\n","protected":false},"excerpt":{"rendered":"<p>Con formaci\u00f3n en Bellas Artes, Dise\u00f1o de Moda, Arte Publicitario e Interiorismo, Jana \u00c1lvarez va m\u00e1s all\u00e1 de las etiquetas art\u00edsticas, porque para ella todo es multidisciplinario. Para ella, la [&hellip;]<\/p>\n","protected":false},"featured_media":1100,"template":"","ambit":[431],"etiqueta":[],"class_list":["post-5621","talent","type-talent","status-publish","has-post-thumbnail","hentry","ambit-artist-es"],"acf":[],"yoast_head":"<!-- This site is optimized with the Yoast SEO plugin v27.4 - https:\/\/yoast.com\/product\/yoast-seo-wordpress\/ -->\n<title>Jana Alvarez - Drap-Art<\/title>\n<meta name=\"robots\" content=\"index, follow, max-snippet:-1, max-image-preview:large, max-video-preview:-1\" \/>\n<link rel=\"canonical\" href=\"https:\/\/drap-art.org\/es\/talent\/artista-drap-art\/jana-alvarez\/\" \/>\n<meta name=\"twitter:label1\" content=\"Tiempo de lectura\" \/>\n\t<meta name=\"twitter:data1\" content=\"2 minutos\" \/>\n<!-- \/ Yoast SEO plugin. -->","yoast_head_json":{"title":"Jana Alvarez - Drap-Art","robots":{"index":"index","follow":"follow","max-snippet":"max-snippet:-1","max-image-preview":"max-image-preview:large","max-video-preview":"max-video-preview:-1"},"canonical":"https:\/\/drap-art.org\/es\/talent\/artista-drap-art\/jana-alvarez\/","twitter_misc":{"Tiempo de lectura":"2 minutos"},"schema":{"@context":"https:\/\/schema.org","@graph":[{"@type":"WebPage","@id":"https:\/\/drap-art.org\/es\/talent\/artista-drap-art\/jana-alvarez\/","url":"https:\/\/drap-art.org\/es\/talent\/artista-drap-art\/jana-alvarez\/","name":"Jana Alvarez - Drap-Art","isPartOf":{"@id":"https:\/\/drap-art.org\/#website"},"primaryImageOfPage":{"@id":"https:\/\/drap-art.org\/es\/talent\/artista-drap-art\/jana-alvarez\/#primaryimage"},"image":{"@id":"https:\/\/drap-art.org\/es\/talent\/artista-drap-art\/jana-alvarez\/#primaryimage"},"thumbnailUrl":"https:\/\/drap-art.org\/wp-content\/uploads\/2024\/06\/DSC00430-Jana-ALVAREZ-GOMEZ-scaled-1.jpg","datePublished":"2024-06-11T11:06:04+00:00","dateModified":"2025-02-21T17:31:26+00:00","breadcrumb":{"@id":"https:\/\/drap-art.org\/es\/talent\/artista-drap-art\/jana-alvarez\/#breadcrumb"},"inLanguage":"es","potentialAction":[{"@type":"ReadAction","target":["https:\/\/drap-art.org\/es\/talent\/artista-drap-art\/jana-alvarez\/"]}]},{"@type":"ImageObject","inLanguage":"es","@id":"https:\/\/drap-art.org\/es\/talent\/artista-drap-art\/jana-alvarez\/#primaryimage","url":"https:\/\/drap-art.org\/wp-content\/uploads\/2024\/06\/DSC00430-Jana-ALVAREZ-GOMEZ-scaled-1.jpg","contentUrl":"https:\/\/drap-art.org\/wp-content\/uploads\/2024\/06\/DSC00430-Jana-ALVAREZ-GOMEZ-scaled-1.jpg","width":1500,"height":1844},{"@type":"BreadcrumbList","@id":"https:\/\/drap-art.org\/es\/talent\/artista-drap-art\/jana-alvarez\/#breadcrumb","itemListElement":[{"@type":"ListItem","position":1,"name":"Home","item":"https:\/\/drap-art.org\/es\/"},{"@type":"ListItem","position":2,"name":"Talents","item":"https:\/\/drap-art.org\/es\/talent\/"},{"@type":"ListItem","position":3,"name":"Jana Alvarez"}]},{"@type":"WebSite","@id":"https:\/\/drap-art.org\/#website","url":"https:\/\/drap-art.org\/","name":"Drap-Art","description":"Festival Internacional de Arte y Sostenibilidad","publisher":{"@id":"https:\/\/drap-art.org\/#organization"},"potentialAction":[{"@type":"SearchAction","target":{"@type":"EntryPoint","urlTemplate":"https:\/\/drap-art.org\/?s={search_term_string}"},"query-input":{"@type":"PropertyValueSpecification","valueRequired":true,"valueName":"search_term_string"}}],"inLanguage":"es"},{"@type":"Organization","@id":"https:\/\/drap-art.org\/#organization","name":"Associaci\u00f3 Drap-Art","url":"https:\/\/drap-art.org\/","logo":{"@type":"ImageObject","inLanguage":"es","@id":"https:\/\/drap-art.org\/#\/schema\/logo\/image\/","url":"https:\/\/drap-art.org\/wp-content\/uploads\/2024\/10\/logo-drapart-24.png","contentUrl":"https:\/\/drap-art.org\/wp-content\/uploads\/2024\/10\/logo-drapart-24.png","width":2157,"height":1929,"caption":"Associaci\u00f3 Drap-Art"},"image":{"@id":"https:\/\/drap-art.org\/#\/schema\/logo\/image\/"},"sameAs":["https:\/\/www.facebook.com\/drapart\/","https:\/\/x.com\/DrapArt","https:\/\/www.instagram.com\/drapart_org\/","https:\/\/www.youtube.com\/channel\/UC_FGj-k0m_HgMv_aYSN5_4Q"]}]}},"_links":{"self":[{"href":"https:\/\/drap-art.org\/es\/wp-json\/wp\/v2\/talent\/5621","targetHints":{"allow":["GET"]}}],"collection":[{"href":"https:\/\/drap-art.org\/es\/wp-json\/wp\/v2\/talent"}],"about":[{"href":"https:\/\/drap-art.org\/es\/wp-json\/wp\/v2\/types\/talent"}],"version-history":[{"count":0,"href":"https:\/\/drap-art.org\/es\/wp-json\/wp\/v2\/talent\/5621\/revisions"}],"wp:featuredmedia":[{"embeddable":true,"href":"https:\/\/drap-art.org\/es\/wp-json\/wp\/v2\/media\/1100"}],"wp:attachment":[{"href":"https:\/\/drap-art.org\/es\/wp-json\/wp\/v2\/media?parent=5621"}],"wp:term":[{"taxonomy":"ambit","embeddable":true,"href":"https:\/\/drap-art.org\/es\/wp-json\/wp\/v2\/ambit?post=5621"},{"taxonomy":"etiqueta","embeddable":true,"href":"https:\/\/drap-art.org\/es\/wp-json\/wp\/v2\/etiqueta?post=5621"}],"curies":[{"name":"wp","href":"https:\/\/api.w.org\/{rel}","templated":true}]}}

<p data-start="1993" data-end="2262">Con formación en Bellas Artes, Diseño de Moda, Arte Publicitario e Interiorismo, Jana Álvarez va más allá de las etiquetas artísticas, porque para ella todo es multidisciplinario. Para ella, la idea y el material «eligen» la técnica, el formato y la forma de expresión.</p>
<p data-start="2264" data-end="2756">Cuenta con una amplia experiencia profesional como diseñadora de moda para otras marcas, como creativa en publicidad, freelance en ilustración y pintura, atrezzo para productoras de cine y TV, y proyectos de interiorismo: Purificación García, Antonio Miró, Custo BCN, Bassat Ogilvy, Editorial Murdoch, Boca Films, Productora Zeppelin, TV3, Canal+ Francia, Juegos Olímpicos 92, Ballet Nacional de Cuba, cadena de hoteles Hilton, obras de teatro alternativo, Médicos sin Fronteras, C.G.T., etc.</p>
<p data-start="2758" data-end="3170">Tiene un amplio recorrido en exposiciones nacionales e internacionales, tanto individuales como colectivas (Barcelona, Sitges, Santander, Madrid, Menorca, Málaga, Almería, Bilbao, León, Asturias, Valencia, París, Nantes, Londres, Roma, Berlín, Pekín, Tokio, Uruguay, Pittsburgh, Los Ángeles, Santa Fe, etc.), algunas de ellas con Drap-Art, con el que colabora desde sus inicios en 1996, de manera ininterrumpida.</p>
<p data-start="3172" data-end="3392">Su motivación tanto artística como personal en el día a día es reutilizar para llegar al 0 waste. Es crítica con la sociedad de consumo, inconsciente y desligada, que nos lleva a la extinción natural, social y económica.</p>
<p data-start="3394" data-end="3882" data-is-last-node="" data-is-only-node="">«Este capitalismo es insostenible, deja residuos, desastres de todo tipo y ruinas a su paso. No hay casi ningún material que sea &#8216;limpio&#8217; o que, a estas alturas, por natural que sea, no repercuta negativamente en los ecosistemas. Por eso yo reutilizo objetos y materiales de cualquier composición y tipología rechazados para darles &#8216;mil vidas&#8217;, no solo dos, aunque los tenga que reciclar hasta su total desintegración. De derrota en derrota hasta la victoria final. El cambio es posible.»</p>

<p>Con formación en Bellas Artes, Diseño de Moda, Arte Publicitario e Interiorismo, Jana Álvarez va más allá de las etiquetas artísticas, porque para ella todo es multidisciplinario. Para ella, la [&hellip;]</p>

Associació Drap-Art
