{"id":5635,"date":"2024-06-11T12:52:19","date_gmt":"2024-06-11T10:52:19","guid":{"rendered":"https:\/\/drap-art.org\/talent\/%ambit%\/modest-cuixart\/"},"modified":"2025-02-21T19:48:12","modified_gmt":"2025-02-21T17:48:12","slug":"modest-cuixart","status":"publish","type":"talent","link":"https:\/\/drap-art.org\/es\/talent\/artist-es\/modest-cuixart\/","title":{"rendered":"Modest Cuixart"},"content":{"rendered":"<p data-start=\"0\" data-end=\"241\">Modest Cuixart creci\u00f3 en una familia de m\u00e9dicos y farmac\u00e9uticos, en un ambiente cultural. Inici\u00f3 sus estudios de medicina para seguir la tradici\u00f3n familiar, pero los abandon\u00f3 a los dos a\u00f1os para dedicarse a la pintura, su verdadera vocaci\u00f3n.<\/p>\n<p data-start=\"243\" data-end=\"622\">Junto con su primo Antoni T\u00e0pies, Cuixart conoci\u00f3 a Joan Brossa, Joan Pon\u00e7, al fil\u00f3sofo Arnau Puig y a Joan Tharrats, con quienes en 1948 fund\u00f3 la revista <em data-start=\"398\" data-end=\"410\">Dau al Set<\/em>. Gracias a una beca del Instituto Franc\u00e9s, Modest viaj\u00f3 a Par\u00eds con Antoni T\u00e0pies en diciembre de 1950. All\u00ed conoci\u00f3 a Picasso y a Mir\u00f3, asisti\u00f3 a la Sorbona y se impregn\u00f3 del \u00abart autre\u00bb de Dubuffet y Fautrier.<\/p>\n<p data-start=\"624\" data-end=\"1155\">A finales de los a\u00f1os 50, Cuixart comenz\u00f3 a crear sus famosos drippings met\u00e1licos, que forman parte de su informalismo material \u00fanico. Elogiado por los cr\u00edticos m\u00e1s prestigiosos del mundo como un verdadero innovador del informalismo a escala internacional, gan\u00f3 algunos de los premios m\u00e1s codiciados: la Medalla de Oro en el prestigioso Premio Suizo de Pintura Abstracta y el Gran Premio de Pintura en la 5\u00aa Bienal de S\u00e3o Paulo, compitiendo contra figuras como su admirado Francis Bacon, Alberto Burri, Karel Appel y Lucio Fontana.<\/p>\n<p data-start=\"1157\" data-end=\"1833\">Este fue un periodo espl\u00e9ndido, durante el cual su \u00e9xito se multiplic\u00f3, participando en los principales eventos internacionales y exponiendo en los principales museos y galer\u00edas de numerosos pa\u00edses. Coleccionistas de alto nivel de todo el mundo adquirieron sus obras. Se publicaron art\u00edculos elogiosos de los mejores cr\u00edticos en revistas internacionales de prestigio, como <em data-start=\"1530\" data-end=\"1556\">Art Actuel International<\/em> (Lausana), <em data-start=\"1568\" data-end=\"1577\">Quadrum<\/em> (Bruselas) y <em data-start=\"1591\" data-end=\"1606\">Arts Magazine<\/em> (Nueva York), entre muchas otras. Andr\u00e9 Breton pens\u00f3 en \u00e9l al seleccionar a un pintor espa\u00f1ol para la exposici\u00f3n surrealista internacional <em data-start=\"1746\" data-end=\"1756\">E.R.O.S.<\/em>, que organiz\u00f3 en 1959 junto a Marcel Duchamp para la galer\u00eda Daniel Cordier.<\/p>\n<p data-start=\"1835\" data-end=\"2331\">A principios de los a\u00f1os 60, Cuixart abandon\u00f3 el informalismo, influenciado por el pensamiento de Bertold Brecht, y centr\u00f3 su obra en la experiencia humana y los objetos. Tras sus dram\u00e1ticas mu\u00f1ecas quemadas (Ni\u00f1os sin nombre), que simbolizan las v\u00edctimas inocentes de la violencia, inici\u00f3 una etapa de gran originalidad, combinando rasgos org\u00e1nicos, siniestros y er\u00f3ticos. Esta etapa marc\u00f3 su \u00e9xito en Nueva York, donde fusion\u00f3 el informalismo material con el grafismo en tinta y colores suaves.<\/p>\n<p data-start=\"2333\" data-end=\"2537\">La obra seleccionada para la imagen de Drap-Art de este a\u00f1o, <em data-start=\"2394\" data-end=\"2406\">Post Salut<\/em> (1963), proviene de esta etapa. Seg\u00fan Raquel Medina, Doctora en Historia del Arte, cr\u00edtica de ACCA-AICA y comisaria independiente:<\/p>\n<p data-start=\"2539\" data-end=\"3099\" data-is-last-node=\"\" data-is-only-node=\"\">\u00abEsta pieza corresponde a un momento en el que el artista considera que el informalismo, que le hab\u00eda tra\u00eddo tantos \u00e9xitos, ha quedado obsoleto y en su obra irrumpen otras preocupaciones relacionadas con la problem\u00e1tica del ser humano. Son las primeras piezas en las que, mediante la incorporaci\u00f3n de objetos y fragmentos (mu\u00f1ecas, aviones, zapatos&#8230;) refleja y denuncia las tragedias de las v\u00edctimas inocentes de todas las guerras. De hecho, rememora y exorciza uno de sus fantasmas personales: los terribles bombardeos de Barcelona que vivi\u00f3 a los 13 a\u00f1os\u00bb.<\/p>\n","protected":false},"excerpt":{"rendered":"<p>Modest Cuixart creci\u00f3 en una familia de m\u00e9dicos y farmac\u00e9uticos, en un ambiente cultural. Inici\u00f3 sus estudios de medicina para seguir la tradici\u00f3n familiar, pero los abandon\u00f3 a los dos [&hellip;]<\/p>\n","protected":false},"featured_media":1071,"template":"","ambit":[431],"etiqueta":[],"class_list":["post-5635","talent","type-talent","status-publish","has-post-thumbnail","hentry","ambit-artist-es"],"acf":[],"yoast_head":"<!-- This site is optimized with the Yoast SEO plugin v27.4 - https:\/\/yoast.com\/product\/yoast-seo-wordpress\/ -->\n<title>Modest Cuixart - Drap-Art<\/title>\n<meta name=\"robots\" content=\"index, follow, max-snippet:-1, max-image-preview:large, max-video-preview:-1\" \/>\n<link rel=\"canonical\" href=\"https:\/\/drap-art.org\/es\/talent\/artista-drap-art\/modest-cuixart\/\" \/>\n<meta name=\"twitter:label1\" content=\"Tiempo de lectura\" \/>\n\t<meta name=\"twitter:data1\" content=\"3 minutos\" \/>\n<!-- \/ Yoast SEO plugin. -->","yoast_head_json":{"title":"Modest Cuixart - Drap-Art","robots":{"index":"index","follow":"follow","max-snippet":"max-snippet:-1","max-image-preview":"max-image-preview:large","max-video-preview":"max-video-preview:-1"},"canonical":"https:\/\/drap-art.org\/es\/talent\/artista-drap-art\/modest-cuixart\/","twitter_misc":{"Tiempo de lectura":"3 minutos"},"schema":{"@context":"https:\/\/schema.org","@graph":[{"@type":"WebPage","@id":"https:\/\/drap-art.org\/es\/talent\/artista-drap-art\/modest-cuixart\/","url":"https:\/\/drap-art.org\/es\/talent\/artista-drap-art\/modest-cuixart\/","name":"Modest Cuixart - Drap-Art","isPartOf":{"@id":"https:\/\/drap-art.org\/#website"},"primaryImageOfPage":{"@id":"https:\/\/drap-art.org\/es\/talent\/artista-drap-art\/modest-cuixart\/#primaryimage"},"image":{"@id":"https:\/\/drap-art.org\/es\/talent\/artista-drap-art\/modest-cuixart\/#primaryimage"},"thumbnailUrl":"https:\/\/drap-art.org\/wp-content\/uploads\/2024\/06\/ModestCuixart_PostSalut-1.jpg","datePublished":"2024-06-11T10:52:19+00:00","dateModified":"2025-02-21T17:48:12+00:00","breadcrumb":{"@id":"https:\/\/drap-art.org\/es\/talent\/artista-drap-art\/modest-cuixart\/#breadcrumb"},"inLanguage":"es","potentialAction":[{"@type":"ReadAction","target":["https:\/\/drap-art.org\/es\/talent\/artista-drap-art\/modest-cuixart\/"]}]},{"@type":"ImageObject","inLanguage":"es","@id":"https:\/\/drap-art.org\/es\/talent\/artista-drap-art\/modest-cuixart\/#primaryimage","url":"https:\/\/drap-art.org\/wp-content\/uploads\/2024\/06\/ModestCuixart_PostSalut-1.jpg","contentUrl":"https:\/\/drap-art.org\/wp-content\/uploads\/2024\/06\/ModestCuixart_PostSalut-1.jpg","width":1500,"height":1902},{"@type":"BreadcrumbList","@id":"https:\/\/drap-art.org\/es\/talent\/artista-drap-art\/modest-cuixart\/#breadcrumb","itemListElement":[{"@type":"ListItem","position":1,"name":"Home","item":"https:\/\/drap-art.org\/es\/"},{"@type":"ListItem","position":2,"name":"Talents","item":"https:\/\/drap-art.org\/es\/talent\/"},{"@type":"ListItem","position":3,"name":"Modest Cuixart"}]},{"@type":"WebSite","@id":"https:\/\/drap-art.org\/#website","url":"https:\/\/drap-art.org\/","name":"Drap-Art","description":"Festival Internacional de Arte y Sostenibilidad","publisher":{"@id":"https:\/\/drap-art.org\/#organization"},"potentialAction":[{"@type":"SearchAction","target":{"@type":"EntryPoint","urlTemplate":"https:\/\/drap-art.org\/?s={search_term_string}"},"query-input":{"@type":"PropertyValueSpecification","valueRequired":true,"valueName":"search_term_string"}}],"inLanguage":"es"},{"@type":"Organization","@id":"https:\/\/drap-art.org\/#organization","name":"Associaci\u00f3 Drap-Art","url":"https:\/\/drap-art.org\/","logo":{"@type":"ImageObject","inLanguage":"es","@id":"https:\/\/drap-art.org\/#\/schema\/logo\/image\/","url":"https:\/\/drap-art.org\/wp-content\/uploads\/2024\/10\/logo-drapart-24.png","contentUrl":"https:\/\/drap-art.org\/wp-content\/uploads\/2024\/10\/logo-drapart-24.png","width":2157,"height":1929,"caption":"Associaci\u00f3 Drap-Art"},"image":{"@id":"https:\/\/drap-art.org\/#\/schema\/logo\/image\/"},"sameAs":["https:\/\/www.facebook.com\/drapart\/","https:\/\/x.com\/DrapArt","https:\/\/www.instagram.com\/drapart_org\/","https:\/\/www.youtube.com\/channel\/UC_FGj-k0m_HgMv_aYSN5_4Q"]}]}},"_links":{"self":[{"href":"https:\/\/drap-art.org\/es\/wp-json\/wp\/v2\/talent\/5635","targetHints":{"allow":["GET"]}}],"collection":[{"href":"https:\/\/drap-art.org\/es\/wp-json\/wp\/v2\/talent"}],"about":[{"href":"https:\/\/drap-art.org\/es\/wp-json\/wp\/v2\/types\/talent"}],"version-history":[{"count":0,"href":"https:\/\/drap-art.org\/es\/wp-json\/wp\/v2\/talent\/5635\/revisions"}],"wp:featuredmedia":[{"embeddable":true,"href":"https:\/\/drap-art.org\/es\/wp-json\/wp\/v2\/media\/1071"}],"wp:attachment":[{"href":"https:\/\/drap-art.org\/es\/wp-json\/wp\/v2\/media?parent=5635"}],"wp:term":[{"taxonomy":"ambit","embeddable":true,"href":"https:\/\/drap-art.org\/es\/wp-json\/wp\/v2\/ambit?post=5635"},{"taxonomy":"etiqueta","embeddable":true,"href":"https:\/\/drap-art.org\/es\/wp-json\/wp\/v2\/etiqueta?post=5635"}],"curies":[{"name":"wp","href":"https:\/\/api.w.org\/{rel}","templated":true}]}}

<p data-start="0" data-end="241">Modest Cuixart creció en una familia de médicos y farmacéuticos, en un ambiente cultural. Inició sus estudios de medicina para seguir la tradición familiar, pero los abandonó a los dos años para dedicarse a la pintura, su verdadera vocación.</p>
<p data-start="243" data-end="622">Junto con su primo Antoni Tàpies, Cuixart conoció a Joan Brossa, Joan Ponç, al filósofo Arnau Puig y a Joan Tharrats, con quienes en 1948 fundó la revista <em data-start="398" data-end="410">Dau al Set</em>. Gracias a una beca del Instituto Francés, Modest viajó a París con Antoni Tàpies en diciembre de 1950. Allí conoció a Picasso y a Miró, asistió a la Sorbona y se impregnó del «art autre» de Dubuffet y Fautrier.</p>
<p data-start="624" data-end="1155">A finales de los años 50, Cuixart comenzó a crear sus famosos drippings metálicos, que forman parte de su informalismo material único. Elogiado por los críticos más prestigiosos del mundo como un verdadero innovador del informalismo a escala internacional, ganó algunos de los premios más codiciados: la Medalla de Oro en el prestigioso Premio Suizo de Pintura Abstracta y el Gran Premio de Pintura en la 5ª Bienal de São Paulo, compitiendo contra figuras como su admirado Francis Bacon, Alberto Burri, Karel Appel y Lucio Fontana.</p>
<p data-start="1157" data-end="1833">Este fue un periodo espléndido, durante el cual su éxito se multiplicó, participando en los principales eventos internacionales y exponiendo en los principales museos y galerías de numerosos países. Coleccionistas de alto nivel de todo el mundo adquirieron sus obras. Se publicaron artículos elogiosos de los mejores críticos en revistas internacionales de prestigio, como <em data-start="1530" data-end="1556">Art Actuel International</em> (Lausana), <em data-start="1568" data-end="1577">Quadrum</em> (Bruselas) y <em data-start="1591" data-end="1606">Arts Magazine</em> (Nueva York), entre muchas otras. André Breton pensó en él al seleccionar a un pintor español para la exposición surrealista internacional <em data-start="1746" data-end="1756">E.R.O.S.</em>, que organizó en 1959 junto a Marcel Duchamp para la galería Daniel Cordier.</p>
<p data-start="1835" data-end="2331">A principios de los años 60, Cuixart abandonó el informalismo, influenciado por el pensamiento de Bertold Brecht, y centró su obra en la experiencia humana y los objetos. Tras sus dramáticas muñecas quemadas (Niños sin nombre), que simbolizan las víctimas inocentes de la violencia, inició una etapa de gran originalidad, combinando rasgos orgánicos, siniestros y eróticos. Esta etapa marcó su éxito en Nueva York, donde fusionó el informalismo material con el grafismo en tinta y colores suaves.</p>
<p data-start="2333" data-end="2537">La obra seleccionada para la imagen de Drap-Art de este año, <em data-start="2394" data-end="2406">Post Salut</em> (1963), proviene de esta etapa. Según Raquel Medina, Doctora en Historia del Arte, crítica de ACCA-AICA y comisaria independiente:</p>
<p data-start="2539" data-end="3099" data-is-last-node="" data-is-only-node="">«Esta pieza corresponde a un momento en el que el artista considera que el informalismo, que le había traído tantos éxitos, ha quedado obsoleto y en su obra irrumpen otras preocupaciones relacionadas con la problemática del ser humano. Son las primeras piezas en las que, mediante la incorporación de objetos y fragmentos (muñecas, aviones, zapatos&#8230;) refleja y denuncia las tragedias de las víctimas inocentes de todas las guerras. De hecho, rememora y exorciza uno de sus fantasmas personales: los terribles bombardeos de Barcelona que vivió a los 13 años».</p>

<p>Modest Cuixart creció en una familia de médicos y farmacéuticos, en un ambiente cultural. Inició sus estudios de medicina para seguir la tradición familiar, pero los abandonó a los dos [&hellip;]</p>

Associació Drap-Art
