{"id":8930,"date":"2025-03-18T14:12:26","date_gmt":"2025-03-18T13:12:26","guid":{"rendered":"https:\/\/drap-art.org\/event\/drap-art-a-la-fas-b\/"},"modified":"2025-03-18T14:14:41","modified_gmt":"2025-03-18T13:14:41","slug":"drap-art-a-la-fas-b","status":"publish","type":"tribe_events","link":"https:\/\/drap-art.org\/es\/event\/drap-art-a-la-fas-b\/","title":{"rendered":"Drap-Art en la FAS-B"},"content":{"rendered":"<h3 data-start=\"19\" data-end=\"66\"><strong data-start=\"23\" data-end=\"64\">Feria de Arte Sostenible de Barcelona<\/strong><\/h3>\n<p data-start=\"68\" data-end=\"442\">El pr\u00f3ximo <strong data-start=\"79\" data-end=\"101\">25 de mayo de 2025<\/strong>, <strong data-start=\"103\" data-end=\"115\">Drap-Art<\/strong> participar\u00e1 en la <strong data-start=\"134\" data-end=\"183\">FAS-B (Feria de Arte Sostenible de Barcelona)<\/strong> con una conferencia dedicada a su trayectoria y contribuci\u00f3n al arte sostenible. Durante la charla, se repasar\u00e1 la historia de Drap-Art, su impacto en la creaci\u00f3n art\u00edstica con materiales reciclados y su papel en la promoci\u00f3n de una cultura m\u00e1s sostenible.<\/p>\n<p data-start=\"444\" data-end=\"477\"><strong data-start=\"444\" data-end=\"475\">Programaci\u00f3n por confirmar.<\/strong><\/p>\n","protected":false},"excerpt":{"rendered":"<p>Feria de Arte Sostenible de Barcelona El pr\u00f3ximo 25 de mayo de 2025, Drap-Art participar\u00e1 en la FAS-B (Feria de Arte Sostenible de Barcelona) con una conferencia dedicada a su [&hellip;]<\/p>\n","protected":false},"author":6,"featured_media":8961,"template":"","meta":{"_tribe_events_status":"","_tribe_events_status_reason":"","footnotes":""},"tags":[],"tribe_events_cat":[400],"class_list":["post-8930","tribe_events","type-tribe_events","status-publish","has-post-thumbnail","hentry","tribe_events_cat-eventos","cat_eventos"],"acf":[],"yoast_head":"<!-- This site is optimized with the Yoast SEO plugin v27.4 - https:\/\/yoast.com\/product\/yoast-seo-wordpress\/ -->\n<title>Drap-Art en la FAS-B - Drap-Art<\/title>\n<meta name=\"robots\" content=\"index, follow, max-snippet:-1, max-image-preview:large, max-video-preview:-1\" \/>\n<link rel=\"canonical\" href=\"https:\/\/drap-art.org\/es\/event\/drap-art-a-la-fas-b\/\" \/>\n<meta name=\"twitter:label1\" content=\"Tiempo de lectura\" \/>\n\t<meta name=\"twitter:data1\" content=\"1 minuto\" \/>\n<!-- \/ Yoast SEO plugin. -->","yoast_head_json":{"title":"Drap-Art en la FAS-B - Drap-Art","robots":{"index":"index","follow":"follow","max-snippet":"max-snippet:-1","max-image-preview":"max-image-preview:large","max-video-preview":"max-video-preview:-1"},"canonical":"https:\/\/drap-art.org\/es\/event\/drap-art-a-la-fas-b\/","twitter_misc":{"Tiempo de lectura":"1 minuto"},"schema":{"@context":"https:\/\/schema.org","@graph":[{"@type":"WebPage","@id":"https:\/\/drap-art.org\/es\/event\/drap-art-a-la-fas-b\/","url":"https:\/\/drap-art.org\/es\/event\/drap-art-a-la-fas-b\/","name":"Drap-Art en la FAS-B - Drap-Art","isPartOf":{"@id":"https:\/\/drap-art.org\/#website"},"primaryImageOfPage":{"@id":"https:\/\/drap-art.org\/es\/event\/drap-art-a-la-fas-b\/#primaryimage"},"image":{"@id":"https:\/\/drap-art.org\/es\/event\/drap-art-a-la-fas-b\/#primaryimage"},"thumbnailUrl":"https:\/\/drap-art.org\/wp-content\/uploads\/2025\/03\/FAS-B.png","datePublished":"2025-03-18T13:12:26+00:00","dateModified":"2025-03-18T13:14:41+00:00","breadcrumb":{"@id":"https:\/\/drap-art.org\/es\/event\/drap-art-a-la-fas-b\/#breadcrumb"},"inLanguage":"es","potentialAction":[{"@type":"ReadAction","target":["https:\/\/drap-art.org\/es\/event\/drap-art-a-la-fas-b\/"]}]},{"@type":"ImageObject","inLanguage":"es","@id":"https:\/\/drap-art.org\/es\/event\/drap-art-a-la-fas-b\/#primaryimage","url":"https:\/\/drap-art.org\/wp-content\/uploads\/2025\/03\/FAS-B.png","contentUrl":"https:\/\/drap-art.org\/wp-content\/uploads\/2025\/03\/FAS-B.png","width":746,"height":446},{"@type":"BreadcrumbList","@id":"https:\/\/drap-art.org\/es\/event\/drap-art-a-la-fas-b\/#breadcrumb","itemListElement":[{"@type":"ListItem","position":1,"name":"Home","item":"https:\/\/drap-art.org\/es\/"},{"@type":"ListItem","position":2,"name":"Esdeveniments","item":"https:\/\/drap-art.org\/events\/"},{"@type":"ListItem","position":3,"name":"Drap-Art en la FAS-B"}]},{"@type":"WebSite","@id":"https:\/\/drap-art.org\/#website","url":"https:\/\/drap-art.org\/","name":"Drap-Art","description":"Festival Internacional de Arte y Sostenibilidad","publisher":{"@id":"https:\/\/drap-art.org\/#organization"},"potentialAction":[{"@type":"SearchAction","target":{"@type":"EntryPoint","urlTemplate":"https:\/\/drap-art.org\/?s={search_term_string}"},"query-input":{"@type":"PropertyValueSpecification","valueRequired":true,"valueName":"search_term_string"}}],"inLanguage":"es"},{"@type":"Organization","@id":"https:\/\/drap-art.org\/#organization","name":"Associaci\u00f3 Drap-Art","url":"https:\/\/drap-art.org\/","logo":{"@type":"ImageObject","inLanguage":"es","@id":"https:\/\/drap-art.org\/#\/schema\/logo\/image\/","url":"https:\/\/drap-art.org\/wp-content\/uploads\/2024\/10\/logo-drapart-24.png","contentUrl":"https:\/\/drap-art.org\/wp-content\/uploads\/2024\/10\/logo-drapart-24.png","width":2157,"height":1929,"caption":"Associaci\u00f3 Drap-Art"},"image":{"@id":"https:\/\/drap-art.org\/#\/schema\/logo\/image\/"},"sameAs":["https:\/\/www.facebook.com\/drapart\/","https:\/\/x.com\/DrapArt","https:\/\/www.instagram.com\/drapart_org\/","https:\/\/www.youtube.com\/channel\/UC_FGj-k0m_HgMv_aYSN5_4Q"]}]}},"_links":{"self":[{"href":"https:\/\/drap-art.org\/es\/wp-json\/wp\/v2\/tribe_events\/8930","targetHints":{"allow":["GET"]}}],"collection":[{"href":"https:\/\/drap-art.org\/es\/wp-json\/wp\/v2\/tribe_events"}],"about":[{"href":"https:\/\/drap-art.org\/es\/wp-json\/wp\/v2\/types\/tribe_events"}],"author":[{"embeddable":true,"href":"https:\/\/drap-art.org\/es\/wp-json\/wp\/v2\/users\/6"}],"version-history":[{"count":2,"href":"https:\/\/drap-art.org\/es\/wp-json\/wp\/v2\/tribe_events\/8930\/revisions"}],"predecessor-version":[{"id":8933,"href":"https:\/\/drap-art.org\/es\/wp-json\/wp\/v2\/tribe_events\/8930\/revisions\/8933"}],"wp:featuredmedia":[{"embeddable":true,"href":"https:\/\/drap-art.org\/es\/wp-json\/wp\/v2\/media\/8961"}],"wp:attachment":[{"href":"https:\/\/drap-art.org\/es\/wp-json\/wp\/v2\/media?parent=8930"}],"wp:term":[{"taxonomy":"post_tag","embeddable":true,"href":"https:\/\/drap-art.org\/es\/wp-json\/wp\/v2\/tags?post=8930"},{"taxonomy":"tribe_events_cat","embeddable":true,"href":"https:\/\/drap-art.org\/es\/wp-json\/wp\/v2\/tribe_events_cat?post=8930"}],"curies":[{"name":"wp","href":"https:\/\/api.w.org\/{rel}","templated":true}]}}

<h3 data-start="19" data-end="66"><strong data-start="23" data-end="64">Feria de Arte Sostenible de Barcelona</strong></h3>
<p data-start="68" data-end="442">El próximo <strong data-start="79" data-end="101">25 de mayo de 2025</strong>, <strong data-start="103" data-end="115">Drap-Art</strong> participará en la <strong data-start="134" data-end="183">FAS-B (Feria de Arte Sostenible de Barcelona)</strong> con una conferencia dedicada a su trayectoria y contribución al arte sostenible. Durante la charla, se repasará la historia de Drap-Art, su impacto en la creación artística con materiales reciclados y su papel en la promoción de una cultura más sostenible.</p>
<p data-start="444" data-end="477"><strong data-start="444" data-end="475">Programación por confirmar.</strong></p>

<p>Feria de Arte Sostenible de Barcelona El próximo 25 de mayo de 2025, Drap-Art participará en la FAS-B (Feria de Arte Sostenible de Barcelona) con una conferencia dedicada a su [&hellip;]</p>

Associació Drap-Art
