{"id":9128,"date":"2025-03-21T12:43:56","date_gmt":"2025-03-21T11:43:56","guid":{"rendered":"https:\/\/drap-art.org\/event\/drap-art-al-festival-residu-zero\/"},"modified":"2025-03-21T12:53:33","modified_gmt":"2025-03-21T11:53:33","slug":"drap-art-al-festival-residuo-cero","status":"publish","type":"tribe_events","link":"https:\/\/drap-art.org\/es\/event\/drap-art-al-festival-residuo-cero\/","title":{"rendered":"Drap-Art al Festival Residuo Cero"},"content":{"rendered":"<p data-start=\"186\" data-end=\"735\">Drap-Art participar\u00e1 en el Festival Residuo Cero con un stand propio los d\u00edas 26 y 27 de marzo en Palo Alto Barcelona. El festival es un punto de encuentro para iniciativas que impulsan la sostenibilidad, la reutilizaci\u00f3n y la econom\u00eda circular. Durante dos jornadas, se podr\u00e1n conocer proyectos pioneros, participar en debates y acceder a espacios expositivos que promueven el consumo consciente y el residuo cero. La entrada es libre y abierta a todo el p\u00fablico.<\/p>\n","protected":false},"excerpt":{"rendered":"<p>Drap-Art participar\u00e1 en el Festival Residuo Cero con un stand propio los d\u00edas 26 y 27 de marzo en Palo Alto Barcelona. El festival es un punto de encuentro para [&hellip;]<\/p>\n","protected":false},"author":6,"featured_media":9126,"template":"","meta":{"_tribe_events_status":"","_tribe_events_status_reason":"","footnotes":""},"tags":[],"tribe_events_cat":[400],"class_list":["post-9128","tribe_events","type-tribe_events","status-publish","has-post-thumbnail","hentry","tribe_events_cat-eventos","cat_eventos"],"acf":[],"yoast_head":"<!-- This site is optimized with the Yoast SEO plugin v27.4 - https:\/\/yoast.com\/product\/yoast-seo-wordpress\/ -->\n<title>Drap-Art al Festival Residuo Cero - Drap-Art<\/title>\n<meta name=\"robots\" content=\"index, follow, max-snippet:-1, max-image-preview:large, max-video-preview:-1\" \/>\n<link rel=\"canonical\" href=\"https:\/\/drap-art.org\/es\/event\/drap-art-al-festival-residuo-cero\/\" \/>\n<meta name=\"twitter:label1\" content=\"Tiempo de lectura\" \/>\n\t<meta name=\"twitter:data1\" content=\"1 minuto\" \/>\n<!-- \/ Yoast SEO plugin. -->","yoast_head_json":{"title":"Drap-Art al Festival Residuo Cero - Drap-Art","robots":{"index":"index","follow":"follow","max-snippet":"max-snippet:-1","max-image-preview":"max-image-preview:large","max-video-preview":"max-video-preview:-1"},"canonical":"https:\/\/drap-art.org\/es\/event\/drap-art-al-festival-residuo-cero\/","twitter_misc":{"Tiempo de lectura":"1 minuto"},"schema":{"@context":"https:\/\/schema.org","@graph":[{"@type":"WebPage","@id":"https:\/\/drap-art.org\/es\/event\/drap-art-al-festival-residuo-cero\/","url":"https:\/\/drap-art.org\/es\/event\/drap-art-al-festival-residuo-cero\/","name":"Drap-Art al Festival Residuo Cero - Drap-Art","isPartOf":{"@id":"https:\/\/drap-art.org\/#website"},"primaryImageOfPage":{"@id":"https:\/\/drap-art.org\/es\/event\/drap-art-al-festival-residuo-cero\/#primaryimage"},"image":{"@id":"https:\/\/drap-art.org\/es\/event\/drap-art-al-festival-residuo-cero\/#primaryimage"},"thumbnailUrl":"https:\/\/drap-art.org\/wp-content\/uploads\/2025\/03\/networking-ciutats-i-pobles-r0.jpg","datePublished":"2025-03-21T11:43:56+00:00","dateModified":"2025-03-21T11:53:33+00:00","breadcrumb":{"@id":"https:\/\/drap-art.org\/es\/event\/drap-art-al-festival-residuo-cero\/#breadcrumb"},"inLanguage":"es","potentialAction":[{"@type":"ReadAction","target":["https:\/\/drap-art.org\/es\/event\/drap-art-al-festival-residuo-cero\/"]}]},{"@type":"ImageObject","inLanguage":"es","@id":"https:\/\/drap-art.org\/es\/event\/drap-art-al-festival-residuo-cero\/#primaryimage","url":"https:\/\/drap-art.org\/wp-content\/uploads\/2025\/03\/networking-ciutats-i-pobles-r0.jpg","contentUrl":"https:\/\/drap-art.org\/wp-content\/uploads\/2025\/03\/networking-ciutats-i-pobles-r0.jpg","width":1000,"height":443},{"@type":"BreadcrumbList","@id":"https:\/\/drap-art.org\/es\/event\/drap-art-al-festival-residuo-cero\/#breadcrumb","itemListElement":[{"@type":"ListItem","position":1,"name":"Home","item":"https:\/\/drap-art.org\/es\/"},{"@type":"ListItem","position":2,"name":"Esdeveniments","item":"https:\/\/drap-art.org\/events\/"},{"@type":"ListItem","position":3,"name":"Drap-Art al Festival Residuo Cero"}]},{"@type":"WebSite","@id":"https:\/\/drap-art.org\/#website","url":"https:\/\/drap-art.org\/","name":"Drap-Art","description":"Festival Internacional de Arte y Sostenibilidad","publisher":{"@id":"https:\/\/drap-art.org\/#organization"},"potentialAction":[{"@type":"SearchAction","target":{"@type":"EntryPoint","urlTemplate":"https:\/\/drap-art.org\/?s={search_term_string}"},"query-input":{"@type":"PropertyValueSpecification","valueRequired":true,"valueName":"search_term_string"}}],"inLanguage":"es"},{"@type":"Organization","@id":"https:\/\/drap-art.org\/#organization","name":"Associaci\u00f3 Drap-Art","url":"https:\/\/drap-art.org\/","logo":{"@type":"ImageObject","inLanguage":"es","@id":"https:\/\/drap-art.org\/#\/schema\/logo\/image\/","url":"https:\/\/drap-art.org\/wp-content\/uploads\/2024\/10\/logo-drapart-24.png","contentUrl":"https:\/\/drap-art.org\/wp-content\/uploads\/2024\/10\/logo-drapart-24.png","width":2157,"height":1929,"caption":"Associaci\u00f3 Drap-Art"},"image":{"@id":"https:\/\/drap-art.org\/#\/schema\/logo\/image\/"},"sameAs":["https:\/\/www.facebook.com\/drapart\/","https:\/\/x.com\/DrapArt","https:\/\/www.instagram.com\/drapart_org\/","https:\/\/www.youtube.com\/channel\/UC_FGj-k0m_HgMv_aYSN5_4Q"]}]}},"_links":{"self":[{"href":"https:\/\/drap-art.org\/es\/wp-json\/wp\/v2\/tribe_events\/9128","targetHints":{"allow":["GET"]}}],"collection":[{"href":"https:\/\/drap-art.org\/es\/wp-json\/wp\/v2\/tribe_events"}],"about":[{"href":"https:\/\/drap-art.org\/es\/wp-json\/wp\/v2\/types\/tribe_events"}],"author":[{"embeddable":true,"href":"https:\/\/drap-art.org\/es\/wp-json\/wp\/v2\/users\/6"}],"version-history":[{"count":2,"href":"https:\/\/drap-art.org\/es\/wp-json\/wp\/v2\/tribe_events\/9128\/revisions"}],"predecessor-version":[{"id":9131,"href":"https:\/\/drap-art.org\/es\/wp-json\/wp\/v2\/tribe_events\/9128\/revisions\/9131"}],"wp:featuredmedia":[{"embeddable":true,"href":"https:\/\/drap-art.org\/es\/wp-json\/wp\/v2\/media\/9126"}],"wp:attachment":[{"href":"https:\/\/drap-art.org\/es\/wp-json\/wp\/v2\/media?parent=9128"}],"wp:term":[{"taxonomy":"post_tag","embeddable":true,"href":"https:\/\/drap-art.org\/es\/wp-json\/wp\/v2\/tags?post=9128"},{"taxonomy":"tribe_events_cat","embeddable":true,"href":"https:\/\/drap-art.org\/es\/wp-json\/wp\/v2\/tribe_events_cat?post=9128"}],"curies":[{"name":"wp","href":"https:\/\/api.w.org\/{rel}","templated":true}]}}

<p data-start="186" data-end="735">Drap-Art participará en el Festival Residuo Cero con un stand propio los días 26 y 27 de marzo en Palo Alto Barcelona. El festival es un punto de encuentro para iniciativas que impulsan la sostenibilidad, la reutilización y la economía circular. Durante dos jornadas, se podrán conocer proyectos pioneros, participar en debates y acceder a espacios expositivos que promueven el consumo consciente y el residuo cero. La entrada es libre y abierta a todo el público.</p>

<p>Drap-Art participará en el Festival Residuo Cero con un stand propio los días 26 y 27 de marzo en Palo Alto Barcelona. El festival es un punto de encuentro para [&hellip;]</p>

Associació Drap-Art
