{"id":9065,"date":"2024-12-31T19:59:47","date_gmt":"2024-12-31T18:59:47","guid":{"rendered":"https:\/\/drap-art.org\/video\/drap-art-24-inauguracio-28e-festival-internacional-dart-sostenible-de-catalunya\/"},"modified":"2025-03-20T15:23:46","modified_gmt":"2025-03-20T14:23:46","slug":"drap-art-24-inauguracion-del-28o-festival-internacional-de-arte-sostenible-de-cataluna","status":"publish","type":"video","link":"https:\/\/drap-art.org\/es\/video\/drap-art-24-inauguracion-del-28o-festival-internacional-de-arte-sostenible-de-cataluna\/","title":{"rendered":"Drap-Art &#8217;24 &#8211; Inauguraci\u00f3n del 28\u00ba Festival Internacional de Arte Sostenible de Catalu\u00f1a"},"content":{"rendered":"<p data-start=\"0\" data-end=\"62\">28\u00ba Festival Internacional de Arte Sostenible<\/p>\n<p data-start=\"64\" data-end=\"112\">Del 21 de noviembre al 21 de diciembre de 2024<\/p>\n<p data-start=\"114\" data-end=\"417\">Ruta de exposiciones y acciones culturales en el espacio p\u00fablico, galer\u00edas de arte y edificios singulares del barrio G\u00f3tico de Barcelona.<br data-start=\"251\" data-end=\"254\" \/>El festival de este a\u00f1o potencia la sostenibilidad total: tecnolog\u00eda al servicio de las personas y la naturaleza, empoderamiento frente al conflicto, paz y amor.<\/p>\n","protected":false},"excerpt":{"rendered":"<p>28\u00ba Festival Internacional de Arte Sostenible Del 21 de noviembre al 21 de diciembre de 2024 Ruta de exposiciones y acciones culturales en el espacio p\u00fablico, galer\u00edas de arte y [&hellip;]<\/p>\n","protected":false},"featured_media":0,"template":"","hashtag":[402,401],"class_list":["post-9065","video","type-video","status-publish","hentry","hashtag-barcelona","hashtag-festival"],"acf":[],"yoast_head":"<!-- This site is optimized with the Yoast SEO plugin v27.4 - https:\/\/yoast.com\/product\/yoast-seo-wordpress\/ -->\n<title>Drap-Art &#039;24 - Inauguraci\u00f3n del 28\u00ba Festival Internacional de Arte Sostenible de Catalu\u00f1a - Drap-Art<\/title>\n<meta name=\"robots\" content=\"index, follow, max-snippet:-1, max-image-preview:large, max-video-preview:-1\" \/>\n<link rel=\"canonical\" href=\"https:\/\/drap-art.org\/es\/video\/drap-art-24-inauguracion-del-28o-festival-internacional-de-arte-sostenible-de-cataluna\/\" \/>\n<meta name=\"twitter:label1\" content=\"Tiempo de lectura\" \/>\n\t<meta name=\"twitter:data1\" content=\"1 minuto\" \/>\n<!-- \/ Yoast SEO plugin. -->","yoast_head_json":{"title":"Drap-Art '24 - Inauguraci\u00f3n del 28\u00ba Festival Internacional de Arte Sostenible de Catalu\u00f1a - Drap-Art","robots":{"index":"index","follow":"follow","max-snippet":"max-snippet:-1","max-image-preview":"max-image-preview:large","max-video-preview":"max-video-preview:-1"},"canonical":"https:\/\/drap-art.org\/es\/video\/drap-art-24-inauguracion-del-28o-festival-internacional-de-arte-sostenible-de-cataluna\/","twitter_misc":{"Tiempo de lectura":"1 minuto"},"schema":{"@context":"https:\/\/schema.org","@graph":[{"@type":"WebPage","@id":"https:\/\/drap-art.org\/es\/video\/drap-art-24-inauguracion-del-28o-festival-internacional-de-arte-sostenible-de-cataluna\/","url":"https:\/\/drap-art.org\/es\/video\/drap-art-24-inauguracion-del-28o-festival-internacional-de-arte-sostenible-de-cataluna\/","name":"Drap-Art '24 - Inauguraci\u00f3n del 28\u00ba Festival Internacional de Arte Sostenible de Catalu\u00f1a - Drap-Art","isPartOf":{"@id":"https:\/\/drap-art.org\/#website"},"datePublished":"2024-12-31T18:59:47+00:00","dateModified":"2025-03-20T14:23:46+00:00","breadcrumb":{"@id":"https:\/\/drap-art.org\/es\/video\/drap-art-24-inauguracion-del-28o-festival-internacional-de-arte-sostenible-de-cataluna\/#breadcrumb"},"inLanguage":"es","potentialAction":[{"@type":"ReadAction","target":["https:\/\/drap-art.org\/es\/video\/drap-art-24-inauguracion-del-28o-festival-internacional-de-arte-sostenible-de-cataluna\/"]}]},{"@type":"BreadcrumbList","@id":"https:\/\/drap-art.org\/es\/video\/drap-art-24-inauguracion-del-28o-festival-internacional-de-arte-sostenible-de-cataluna\/#breadcrumb","itemListElement":[{"@type":"ListItem","position":1,"name":"Home","item":"https:\/\/drap-art.org\/es\/"},{"@type":"ListItem","position":2,"name":"Videos","item":"https:\/\/drap-art.org\/video\/"},{"@type":"ListItem","position":3,"name":"Drap-Art &#8217;24 &#8211; Inauguraci\u00f3n del 28\u00ba Festival Internacional de Arte Sostenible de Catalu\u00f1a"}]},{"@type":"WebSite","@id":"https:\/\/drap-art.org\/#website","url":"https:\/\/drap-art.org\/","name":"Drap-Art","description":"Festival Internacional de Arte y Sostenibilidad","publisher":{"@id":"https:\/\/drap-art.org\/#organization"},"potentialAction":[{"@type":"SearchAction","target":{"@type":"EntryPoint","urlTemplate":"https:\/\/drap-art.org\/?s={search_term_string}"},"query-input":{"@type":"PropertyValueSpecification","valueRequired":true,"valueName":"search_term_string"}}],"inLanguage":"es"},{"@type":"Organization","@id":"https:\/\/drap-art.org\/#organization","name":"Associaci\u00f3 Drap-Art","url":"https:\/\/drap-art.org\/","logo":{"@type":"ImageObject","inLanguage":"es","@id":"https:\/\/drap-art.org\/#\/schema\/logo\/image\/","url":"https:\/\/drap-art.org\/wp-content\/uploads\/2024\/10\/logo-drapart-24.png","contentUrl":"https:\/\/drap-art.org\/wp-content\/uploads\/2024\/10\/logo-drapart-24.png","width":2157,"height":1929,"caption":"Associaci\u00f3 Drap-Art"},"image":{"@id":"https:\/\/drap-art.org\/#\/schema\/logo\/image\/"},"sameAs":["https:\/\/www.facebook.com\/drapart\/","https:\/\/x.com\/DrapArt","https:\/\/www.instagram.com\/drapart_org\/","https:\/\/www.youtube.com\/channel\/UC_FGj-k0m_HgMv_aYSN5_4Q"]}]}},"_links":{"self":[{"href":"https:\/\/drap-art.org\/es\/wp-json\/wp\/v2\/video\/9065","targetHints":{"allow":["GET"]}}],"collection":[{"href":"https:\/\/drap-art.org\/es\/wp-json\/wp\/v2\/video"}],"about":[{"href":"https:\/\/drap-art.org\/es\/wp-json\/wp\/v2\/types\/video"}],"wp:attachment":[{"href":"https:\/\/drap-art.org\/es\/wp-json\/wp\/v2\/media?parent=9065"}],"wp:term":[{"taxonomy":"hashtag","embeddable":true,"href":"https:\/\/drap-art.org\/es\/wp-json\/wp\/v2\/hashtag?post=9065"}],"curies":[{"name":"wp","href":"https:\/\/api.w.org\/{rel}","templated":true}]}}

Drap-Art &#8217;24 &#8211; Inauguración del 28º Festival Internacional de Arte Sostenible de Cataluña

<p data-start="0" data-end="62">28º Festival Internacional de Arte Sostenible</p>
<p data-start="64" data-end="112">Del 21 de noviembre al 21 de diciembre de 2024</p>
<p data-start="114" data-end="417">Ruta de exposiciones y acciones culturales en el espacio público, galerías de arte y edificios singulares del barrio Gótico de Barcelona.<br data-start="251" data-end="254" />El festival de este año potencia la sostenibilidad total: tecnología al servicio de las personas y la naturaleza, empoderamiento frente al conflicto, paz y amor.</p>

<p>28º Festival Internacional de Arte Sostenible Del 21 de noviembre al 21 de diciembre de 2024 Ruta de exposiciones y acciones culturales en el espacio público, galerías de arte y [&hellip;]</p>

<!-- This site is optimized with the Yoast SEO plugin v27.4 - https://yoast.com/product/yoast-seo-wordpress/ -->
<title>Drap-Art &#039;24 - Inauguración del 28º Festival Internacional de Arte Sostenible de Cataluña - Drap-Art</title>
<meta name="robots" content="index, follow, max-snippet:-1, max-image-preview:large, max-video-preview:-1" />
<link rel="canonical" href="https://drap-art.org/es/video/drap-art-24-inauguracion-del-28o-festival-internacional-de-arte-sostenible-de-cataluna/" />
<meta name="twitter:label1" content="Tiempo de lectura" />
	<meta name="twitter:data1" content="1 minuto" />
<!-- / Yoast SEO plugin. -->

Drap-Art '24 - Inauguración del 28º Festival Internacional de Arte Sostenible de Cataluña - Drap-Art

Associació Drap-Art
